factors of x?
2, 3
Suppose 33614 = -10*b + 59*b. List the prime factors of b.
2, 7
Suppose 5*x - 3*q - 6 = 5, 3*q - 13 = -x. Let g = 180 - -60. Suppose -x*f + 4*n + 201 = -f, -g = -4*f - 4*n. What are the prime factors of f?
3, 7
Let c = 3657 + 522. What are the prime factors of c?
3, 7, 199
List the prime factors of (-63920)/(-192) - 6/(-72).
3, 37
Let i = 550 - -1257. What are the prime factors of i?
13, 139
What are the prime factors of 1/((-9)/60*8/(-1266))?
5, 211
Suppose -7*k + 14*k - 12439 = 0. List the prime factors of k.
1777
Suppose -5*p + s = -2047, 3*p - 3*s = 2*s + 1237. List the prime factors of p.
409
Let u = 0 + -2. Let b = 41 - u. What are the prime factors of b?
43
What are the prime factors of (420 - 3 - 6)*1?
3, 137
Let g(r) = r**3 - 30*r**2 + 2*r - 3. Let v be g(30). Let u be 2/3 + 10/3. Suppose 0 = 5*c - 3*w - v, -23 - 30 = -u*c - 5*w. What are the prime factors of c?
2, 3
Suppose -3*b + 194 = c, b + 970 = 5*c + 6*b. Suppose -v + 0*v - c = -3*t, -t + v + 64 = 0. What are the prime factors of t?
5, 13
Let r(s) = -6*s - 17. Let g be r(22). Let h = g + 380. List the prime factors of h.
3, 7, 11
Let l(t) = -15 + 7 - 13 + 3*t. List the prime factors of l(9).
2, 3
Let i be -3*(12/4 - 26). Let s = i + -63. List the prime factors of s.
2, 3
Let i = -36 + 28. Let q = 10 + i. Suppose -q*o + 3*y + 77 = 0, o - 31 = y + 2*y. List the prime factors of o.
2, 23
Suppose -6*f + 67 = -41. Suppose -807 = f*u - 21*u. List the prime factors of u.
269
Suppose 12*g - 3*n + 276 = 13*g, 0 = -4*n + 8. Let t be 1 + 0 - (-2 + -4). Suppose 2*b = t*b - g. What are the prime factors of b?
2, 3
Suppose 4*s + 1418 = 2*g, -g = -3*s + 2*s - 714. List the prime factors of g.
719
Let t be ((-12)/8)/(9/(-12)). Suppose 143 = -t*x + f - 43, -x = 4*f + 84. Let b = 131 + x. List the prime factors of b.
3, 13
Let c(k) = -4*k + 17. Let p be c(8). What are the prime factors of 10/(-15)*3 - p?
13
Let p = -304 + 340. What are the prime factors of p?
2, 3
Let c = 8 + 4. Let r = 218 + -218. What are the prime factors of c + r + 0 + 1?
13
Let f be 2 - 1 - (-6)/3. Suppose 5*d + 3*q = f, -5*d + 3*q = -q - 31. Suppose d*t + 5*p - 183 = -65, 3*p = -t + 46. What are the prime factors of t?
31
Let b(n) = n**3 - 9*n**2 + 14*n - 19. Suppose 6*m = -10 + 58. List the prime factors of b(m).
29
What are the prime factors of 5/7 - 664488/(-462)?
1439
Let s(c) = 9*c**2 - 24*c - 407. What are the prime factors of s(-17)?
2, 1301
Let h(u) = 13*u - 13. Let t be ((-7)/(-5))/(9/45). List the prime factors of h(t).
2, 3, 13
Let v(p) = -2*p + 20. Let j be v(4). What are the prime factors of 2/j + (-30)/36*-109?
7, 13
Let i = 12 - 23. Let k(t) = -3*t - 1 + 0 - 5 - 8. What are the prime factors of k(i)?
19
Suppose -3*o - 5 = -2*o. What are the prime factors of (-4128)/120*1*o*1?
2, 43
Let z(o) = -o**3 - 4*o**2 + 7*o + 6. Let q be z(-6). Let d(b) = -2*b**3 + 21*b**2 - 9*b + 4. Let l be d(10). What are the prime factors of q/l*70/15?
2, 3
Let f(j) = -6*j**3 - 10*j**2 - 4*j - 6. Let s(b) = 11*b**2 + 7 + 13*b**3 + b + 3*b - 6*b**3. Let y(r) = 6*f(r) + 5*s(r). List the prime factors of y(-5).
19
List the prime factors of (86 + -42)*106*(-3)/(-12).
2, 11, 53
Suppose 8*y + 306 - 994 = 0. List the prime factors of y.
2, 43
Let k(v) = 19*v**2 - 13*v + 17. List the prime factors of k(3).
149
Let w = 265 - 112. List the prime factors of (0 + 2)*w/18.
17
Let c be 4/6 - 109476/(-54). List the prime factors of c/30 + -3 + 4/10.
5, 13
Let p = 1211 - 104. List the prime factors of p.
3, 41
Let w(j) = 2 - j**2 + 10*j**2 - j**2 + 0*j - 3*j. Let y = -12 + 13. List the prime factors of w(y).
7
Let h be (-48)/40*(15/(-2))/(-3). List the prime factors of (-1)/(h - 1) - 347/(-4).
3, 29
Suppose 5*i - 11 + 1 = 0. Suppose 0 = 3*j + i*j - 385. What are the prime factors of j?
7, 11
Let u = -37 + 63. Let a = 30 - u. Suppose 2*x - a*x + 108 = 0. List the prime factors of x.
2, 3
Suppose 0 = 8*x - 7952 - 2304. List the prime factors of x.
2, 641
Let h(p) = 8*p**2 + 53*p - 60. What are the prime factors of h(-11)?
5, 13
Let u(t) = t**2 + 3*t - 2. Let a be u(-2). Let p = a - 6. What are the prime factors of 8/(-20) + (-114)/p?
11
Suppose 7*h + 11*h - 24786 = 0. What are the prime factors of h?
3, 17
Suppose 0 = -3*y - 12, 2*y + 0*y = 4*k - 12304. What are the prime factors of k?
2, 29, 53
Let h(t) = 27*t - 7*t - t**2 - 13 - 2*t. Let z(l) = 3*l**3 - 2*l**2 - 2*l. Let a be z(2). List the prime factors of h(a).
59
Let b(i) = -i**2 + 10*i - 7. Let q be b(9). Suppose 2*k + 4*v = q*v + 124, -2*k + 130 = -v. Let t = k + -37. What are the prime factors of t?
3
Suppose -60 = 8*t - 6*t. Let x = 32 + t. Suppose -x*g = 4*r - 12, -2*r = -3*g - 3*r + 18. List the prime factors of g.
2, 3
Let p = 2595 - 297. List the prime factors of p.
2, 3, 383
Let l(q) = 2*q**2 + 13*q - 69. What are the prime factors of l(-19)?
2, 7, 29
Suppose -2*n = 5*u - 562, 4*n - 1124 = -0*u + u. List the prime factors of n.
281
Suppose 71 = 2*t - 161. Suppose -2*l = 4*y - t, -6 = 3*y + 6. What are the prime factors of l?
2, 3, 11
Suppose 4*j - 1503 = 1069. What are the prime factors of j?
643
Suppose -57793 = -18*q + 21929. What are the prime factors of q?
43, 103
Let w = -446 - -704. List the prime factors of w.
2, 3, 43
Let d(q) = q + 66. Let t be d(-27). Suppose -t*r = -41*r + 72. What are the prime factors of r?
2, 3
Let w(c) be the second derivative of c**5/20 + 5*c**4/6 - 7*c**3/6 - c**2/2 - 30*c. List the prime factors of w(-10).
3, 23
Let s(l) = 6*l**3 + 8*l**2 - 30*l - 4. List the prime factors of s(4).
2, 97
Let x(r) = -632*r + 103. List the prime factors of x(-2).
1367
Let j be (-3)/6 - (22/4)/(-1). Suppose -o + 167 = j. List the prime factors of o.
2, 3
Let m(c) = 1375*c**3 + c**2 + 2*c. List the prime factors of m(1).
2, 13, 53
What are the prime factors of (-7256)/(-14) + -1 - (-4)/(-14)?
11, 47
Let q(z) = 372*z + 116. What are the prime factors of q(3)?
2, 7, 11
What are the prime factors of (13 + -16)*(2 - 215)?
3, 71
Let b(v) be the third derivative of 5*v**5/12 + v**4/8 + v**3/6 - 17*v**2. What are the prime factors of b(-2)?
5, 19
Suppose 0 = -5*m + 15, -3*j = 6*m - 2*m - 1323. What are the prime factors of j?
19, 23
Let o(x) = -x**3 - 5*x**2 + x - 6. Let k(z) = 5*z**3 + 21*z**2 - 3*z + 25. Let l(u) = -2*k(u) - 9*o(u). List the prime factors of l(-3).
67
Let g(i) = 11*i - 3*i + 50*i**3 + 14*i**2 + 2 - 49*i**3. List the prime factors of g(-13).
67
Let f = 60 + -76. Let b(q) = 2*q**2 + 21*q - 6. What are the prime factors of b(f)?
2, 5, 17
Suppose -5*o = 25, -2*m - 5*o = -o - 9748. List the prime factors of m.
2, 3, 11, 37
Let d be 5 - 1 - (0 + 1). Suppose -55 = -d*q + 8. List the prime factors of q.
3, 7
Let g(y) be the second derivative of y**5/20 - 5*y**4/12 + 3*y**2/2 + 2*y. Let w be g(5). Suppose -r + 36 = w*r. What are the prime factors of r?
3
Suppose -5*f + 3300 = -3*b, 4*f = -4*b + 2472 + 136. List the prime factors of f.
3, 73
Let k(x) = -3*x - 13. Let g be k(-6). Suppose -g*z + 173 = -67. List the prime factors of z.
2, 3
Suppose 0*i - 4 = -2*i. Suppose -2 + 34 = i*b. List the prime factors of b.
2
List the prime factors of ((-304)/24*9)/((-6)/8).
2, 19
What are the prime factors of 6*((-6)/(-4))/((-3)/(-46))?
2, 3, 23
Let j be -1 + 1 + 6/(-3). Let w be j + 1 - (1 - -13). List the prime factors of (-4)/30*24*w.
2, 3
Let j(q) = 3*q - 1. Let n be j(1). Suppose 3*p = -n*r + 116 + 168, -p + 80 = -3*r. Suppose p = 3*v - 19. List the prime factors of v.
37
Let p be 0 + (-2 - (2 - 4)). Suppose -4*k + 5*b = -26, p = -k - 3*b - b - 4. Suppose -2 = k*c - 22. What are the prime factors of c?
5
Suppose -p - 162 = 3*i - 1059, -5*i = -p - 1487. List the prime factors of i.
2, 149
List the prime factors of (-1)/((-17500)/(-1945) + -9).
389
Let m = 161 - 233. Let u = m - -325. Suppose -7*y = -55 - u. What are the prime factors of y?
2, 11
Suppose -30215 = 40*u - 134255. What are the prime factors of u?
3, 17
Let u(t) = -t + 6. Suppose -5*k + 17 = 4*b, 5*k - 4*b - 25 = 8. Let c be u(k). Suppose -h + c = -1. List the prime factors of h.
2
List the prime factors of 337/1 - (4 - -2)/3.
5, 67
Suppose 7*g + 69 - 97 = 0. Let r(s) = s + 4. Let w be r(0). Suppose -w*i = -2*m - 0*m - 146, -2*i + 48 = g*m. What are the prime factors of i?
2, 17
Let w(l) = -1